Suppose s*p = -2*k + 133, -2*k + 3*p + 162 = 5. What is the tens digit of k?
7
Suppose 0 = -3*t + 3*z - 7*z + 345, 4*t - 473 = -z. Let l = t + 260. What is the tens digit of l?
7
Suppose z - 18860 = 4*l, -8*l + 32 = -4*l. What is the hundreds digit of z?
8
Let x = -7781 - -1157. What is the hundreds digit of 13/((-78)/x) - 0?
1
Suppose 3*w = -354 + 78. Suppose -4*o = -3*v + 15, -5*v - 5*o + 459 = 434. What is the hundreds digit of w*(v + -7) + -5?
1
Suppose 2*v = -2*h + 85281 - 5691, 2*h + 159180 = 4*v. What is the tens digit of v?
9
Suppose 3*g = -x + 155, 133 = x + g - 22. Suppose -3*k - x = 3*o + k, 5*o = 4*k - 237. Let y = -8 - o. What is the tens digit of y?
4
Suppose -8 = -2*r, -g + 5*r = 727 - 5576. What is the tens digit of g?
6
Let n(i) = -i**3 - 3*i**2 - 3*i - 1. Let g be n(-2). Suppose -2*f + q = g - 6, -4*f = 5*q - 31. Suppose 19 = f*j - 37. What is the tens digit of j?
1
Suppose -3*b - 705 = -6*b. Let i(c) = -15*c**2 - 38*c + 143. Let z be i(3). Let q = b + z. What is the tens digit of q?
2
Let s(b) = 198*b - 281. What is the tens digit of s(23)?
7
Let m(k) = -1862*k + 5118. What is the tens digit of m(-19)?
9
Suppose -198*t - 133570 = -217*t. What is the hundreds digit of t?
0
Let n(m) = 1266*m + 240. What is the tens digit of n(13)?
9
Let l = -1947 - -4676. What is the thousands digit of l?
2
Let t(m) = m**3 + 87*m**2 + 24*m - 37. What is the hundreds digit of t(-14)?
9
Suppose 3*x + 5*j - 4*j = 18, 5*j = -3*x + 30. Let v = 7912 - 3336. What is the units digit of v/40 + (-2)/x?
4
Suppose 0 = 4*t + 2*a + 142, -10*t + 23 = -11*t + 2*a. Suppose 0 = 4*o, -3*h + 3*o - 6*o + 159 = 0. Let i = h + t. What is the tens digit of i?
2
Let w(m) be the third derivative of m**6/120 + 13*m**5/60 - 7*m**4/12 + 5*m**3/3 - 31*m**2. Let l be w(-9). Let t = 649 - l. What is the hundreds digit of t?
1
Let s(g) = 3*g**2 - 7*g + 26. Let x be s(-6). Suppose -1888 = -180*k + x*k. What is the units digit of k?
2
Let z(y) be the third derivative of 7*y**5/60 + y**4/12 + 2*y**3/3 + 36*y**2. What is the hundreds digit of z(-7)?
3
Suppose -1397 = -5*v - 4*p + 4980, -5*v = -p - 6387. What is the thousands digit of v?
1
Let l = -4408 - -2626. What is the units digit of l/(-63)*14/3?
2
Let r = 42 + -1. Let j = 102 - r. Suppose p - q - j = 0, -4*p + 3*q = 6*q - 258. What is the units digit of p?
3
Suppose -q + 5*q - 48 = 0. Let v(n) = -n**3 + 12*n**2 + n - 13. Let f be v(q). What is the units digit of (-2 - -3) + (-69)/f + -3?
7
Let b = 245 + -227. Suppose -19*a = -b*a - 123. What is the hundreds digit of a?
1
Let h = -85 - -61. What is the units digit of h/(-4) - 5 - (-102 - 2)?
5
Let c = 47 + -58. What is the hundreds digit of ((-8074)/c)/(1*6/3)?
3
Let k = -1506 + 46391. What is the tens digit of k?
8
Suppose -23*y - 195 = -62*y. Suppose -2*j = b + 3*b - 5222, 0 = -4*b - y*j + 5231. What is the tens digit of b?
0
Let j(r) = 86*r + 45. Let o(u) = -58*u - 30. Let h(q) = -5*j(q) - 8*o(q). What is the tens digit of h(6)?
1
Suppose -t = -3*d + 613, -6*d - 3*t = -3*d - 609. Suppose 4*w = -y - 129, 23*y + 3*w = 21*y - 233. Let a = d + y. What is the units digit of a?
5
Let l be (3 - 0)/((-9)/(-12)). Suppose -2*j + 112 = -3*h - 242, -l*h - 716 = -4*j. What is the units digit of j?
3
Suppose 3*q + 3*v = 63, -4*v - 42 = -3*q - 7. Suppose -32*y + 2040 = -q*y. What is the units digit of y?
6
Suppose -4*o = -9*o + 30. Let y(q) = q - o*q + 0*q - 2 + 0*q. What is the units digit of y(-13)?
3
Let t(x) = x**3 + 19*x**2 + 19*x - 17. Suppose -178 + 8 = 10*f. What is the units digit of t(f)?
8
Let h be 4*(25/(-4) + (-2 - -4)). Let a = h - -26. What is the units digit of 709/a - 14/(-63)?
9
Suppose -17*j + 63 = -8*j. Suppose j*g = 3320 + 19. What is the tens digit of g?
7
Let m(g) = 498*g**3 - 3*g**2 + 28*g - 9. What is the hundreds digit of m(5)?
3
Suppose 5*q + 93 = c, 0 = -7*c + 6*c - 2*q + 86. Let v be -2*(-33)/c*8/(-6). What is the hundreds digit of v*(0 + 1)*-7*29?
2
Let j = 5445 + 4099. What is the tens digit of j?
4
Let g = 9903 + 5146. What is the tens digit of g?
4
Let z = 32648 - 15759. What is the hundreds digit of z?
8
Let g = -26 - -36. Suppose 4*j + 2*n = 3*n + g, 3*j - 2*n = 10. Suppose -j*c + 0*c = -144. What is the units digit of c?
2
Suppose 3*c + 4444 = 2*c + 15965. What is the units digit of c?
1
Let x(t) = t**2 + 10*t + 48. Let k be x(-27). Suppose -18*r + 6393 = k. What is the hundreds digit of r?
3
Let d be (-10)/5 + 7*(-2)/(-2). Suppose 112 = -d*a + 387. What is the units digit of a?
5
Suppose 5*j - 3*m - 805 = 5771, j = -m + 1312. Suppose 9*z = -0*z + j. Let k = z - 67. What is the tens digit of k?
7
What is the thousands digit of 15/(-6)*(-138470)/25 - (-3 + 2)?
3
Suppose 0 = 4*b - j - 17, j + 0*j = -3*b + 11. Let p(w) = w**3 - 3*w**2 + 10*w - 13. Let c be p(b). Let t = 198 - c. What is the tens digit of t?
5
What is the hundreds digit of 10283 + (6/(-10) - 427/305)?
2
Suppose 30035 = 5*o - 5*j, -2*o + 19*j - 18*j + 12019 = 0. What is the hundreds digit of o?
0
Suppose 4*b - 3*j = 6, 2*j - 21 = -5*b - j. Let w be b - (12/(-9))/(1/3). What is the units digit of -1 - (3/w + (-4284)/49)?
6
Let s(i) = 28*i + 35. Let c(f) = f**3 + 5*f**2 - 6*f - 20. Let j be c(-6). Let l = 26 + j. What is the tens digit of s(l)?
0
Let c be (-18)/(-8)*(-264)/(-9). Let t = c + -67. What is the tens digit of t/(-3) - (-2 + (-261)/27)?
1
Suppose 283704 = 26*s - 895708. What is the ten thousands digit of s?
4
Let a = -76 - -78. Suppose 534 = a*d - 120. What is the units digit of d?
7
Let i be (-7 - -3) + 0 + 14/2. Suppose 138 = -i*m + 4*m. What is the units digit of m?
8
Let v = 458 + -2672. Let f = 4109 + v. What is the tens digit of f?
9
Let f = 43 - 43. Suppose -5*w + w + 212 = f. What is the tens digit of w?
5
Suppose 67*i - 24 = 55*i. Suppose t = 5*m - 1844, -i*m + 737 = -3*t + 2*t. What is the hundreds digit of m?
3
Let l be (0*(-2)/(-4))/(12/12). Let c be (l - (-2 - -3))*(-10)/2. Suppose c*n = -w + 644, 2*n - 262 = -8*w + 12*w. What is the hundreds digit of n?
1
Let k be -4*(14/49 + 22/(-28)). Suppose k*z + 50 = -50. Let m = 30 - z. What is the units digit of m?
0
What is the hundreds digit of (37144/(-5))/((3/6)/((-80)/32))?
1
Suppose -9*z = -32*z + 1633. Suppose -5*f + 1020 = 2*v, f - z = -67. What is the tens digit of v?
0
Let s = 57 + -55. Let c = 136 + s. Suppose 9*g - 3*g - c = 0. What is the tens digit of g?
2
Let k(s) = -s**2 - 15*s - 50. Let r be k(-6). Suppose r*b - 39 = -19. Suppose 694 + 6 = b*w. What is the tens digit of w?
4
Suppose 3*n = -4*f + 51, -9*f - 3*n = -4*f - 60. Suppose 5*v + 5*y = 8460, -5*y + f*y - 1698 = -v. What is the thousands digit of v?
1
Let i = -43 - -48. Let c be 77 + -1 - (i + -6). Let v = 7 + c. What is the units digit of v?
4
Let d(f) = -32*f**3 - 7*f**2 - 8*f + 2. Let w be d(-2). Suppose -88 = -4*a + 268. Let t = w - a. What is the units digit of t?
7
Suppose 42*t - 17*t - 1650 = 0. Let b = -58 + t. What is the units digit of b?
8
Suppose -4*d - 4*b = 300, -9*b - 12 = -6*b. Let n = 429 - d. What is the tens digit of n?
0
Let p(q) = 5*q + 52. Let c be p(-10). Suppose 48 = 5*g - b, 2*g + 2*b = -c*b + 28. What is the tens digit of g?
1
Suppose 6*s = 12*s - 15954. Suppose s = 4*z - 9. Suppose o = -2*w + 128 + 41, -z = -4*o - 5*w. What is the hundreds digit of o?
1
Suppose -5*k + 53281 = -104389. What is the thousands digit of k?
1
Suppose -4*c - 2*v = -135258, -1212*v + 2 = -1210*v. What is the ten thousands digit of c?
3
Let m(y) = -370*y**3 + 9*y**2 + 12*y + 8. What is the hundreds digit of m(-2)?
9
Let f be -1*(5/5 - 1). Suppose 4*i + 2*x = 5*i - 316, -4*x + 4 = f. What is the units digit of i?
8
Suppose 38*l = 39*l + 2*s - 23810, 0 = 3*l - 5*s - 71364. What is the units digit of l?
8
Suppose 1140*m + 7371 = 1167*m. What is the units digit of m?
3
Let k(m) = 7*m - 86. Let z be k(18). Suppose 3*t = -2*x + z + 369, 3*t = 3*x - 636. What is the tens digit of x?
0
Let y(u) = 13*u - 6*u - 6*u. Let g be y(0). Suppose -2*s + 270 = -2*i, -5*s + 2*i - 138 + 822 = g. What is the units digit of s?
8
Let y = 215 - -3582. What is the tens digit of y?
9
Let h = 79 - -46. Suppose a + w - h = 0, 486 = 4*a - 3*w - 14. What is the units digit of a?
5
Let n = -50962 + 76057. What is the thousands digit of n?
5
What is the hundreds digit of 40/(-40) 